z - 4*j. Let m be d(-1). What is the greatest common divisor of 8 and m?
4
Suppose -64*a + 140 = -59*a. What is the greatest common divisor of 252 and a?
28
Let p be 3/(3/12*4). Let k be (-76)/(-28) - 2/(-7). Calculate the highest common divisor of k and p.
3
Let r(z) = z**3 - 4*z**2 - 5*z + 4. Let v be r(5). Let f be (-9)/6 - (-45)/6. What is the greatest common factor of v and f?
2
Let f(l) = l**2 + 5*l. Let j be f(-7). Suppose 4*o - 54 = 58. Calculate the greatest common factor of o and j.
14
Let d(x) = 381*x + 1. Let w be d(2). Suppose -2*j - 63 = -w. Suppose -4*g = 2*c - j, 3*g + 0*g - 2*c = 266. What is the highest common factor of 11 and g?
11
Suppose 3 = -b + o, -2*b + 4*o = 1 + 15. Suppose 3*p = -3*c + 5*p + 17, -b*p = 8. Calculate the highest common divisor of 15 and c.
3
Let y(o) = -o**3 + 7*o**2 + 7*o + 11. Let f be y(8). Suppose -f*s = 2*s - 130. Calculate the greatest common divisor of 26 and s.
26
Suppose 32 = 4*l - 8. Calculate the highest common divisor of 10 and l.
10
Let m be (-3)/(-3) + 2*2. Suppose 10 = d + z, -2*d + 0*z + 28 = 4*z. Let k be (d - 11)/((-1)/1). What is the highest common divisor of m and k?
5
Let a(i) = -3*i**3 - 2*i**2 - 9*i + 3. Let b(u) = u**3 - u**2. Let d(c) = -a(c) - 4*b(c). Let l be d(7). Calculate the highest common divisor of l and 77.
11
Let v be (4/3)/(8/(-48)). Let q = v - -22. Calculate the highest common factor of 126 and q.
14
Let p = 10 - 5. Suppose -3*h = -p*z + 48, -3*h + 3 + 21 = 3*z. What is the greatest common divisor of z and 3?
3
Let u be (5 - 0) + 3 + 31. What is the highest common factor of u and 312?
39
Suppose -13 = -d + 67. What is the greatest common divisor of d and 20?
20
Let n(a) = -a**2 + 20*a - 13. Let w be n(15). What is the highest common divisor of w and 93?
31
Let y = -139 - -195. Suppose 4*u = -4*o + 3*u + y, 70 = 5*o + 5*u. Calculate the highest common divisor of 126 and o.
14
Suppose a = -5*o + 105, -o + 5*a = a - 42. Calculate the highest common factor of o and 22.
22
Let k = -7 - -15. Suppose k = g - 0. Calculate the highest common divisor of g and 72.
8
Suppose -5*f + 661 = -99. What is the greatest common divisor of 19 and f?
19
Let s = 19 + -114. Let h be s + (1 - -1)/(-2). Let q be (h/(-20))/(9/30). What is the greatest common factor of 4 and q?
4
Let v be (-30)/(-4)*(-54)/(-81). Suppose l + 7 = f - 8, -2*f + 65 = 5*l. What is the greatest common divisor of f and v?
5
Suppose -7*j + 17*j - 200 = 0. Calculate the greatest common divisor of 4 and j.
4
Let g be -2 + -1 + (2 - -3). Suppose -g*v - 5 = -39. What is the highest common divisor of v and 119?
17
Suppose 11*i - 56 = 7*i. What is the highest common divisor of 56 and i?
14
Let r = -193 - -354. What is the highest common divisor of r and 46?
23
Let v(q) be the second derivative of q**5/20 + q**4/12 - q**3/6 + 4*q**2 + 6*q. Let j be v(4). What is the greatest common divisor of 12 and j?
12
Let p = 133 + -67. Let u(d) = d**2 - 5*d + 6. Let s be u(5). Calculate the highest common divisor of p and s.
6
Suppose 5*o + 4*j = -j - 100, -j - 3 = 0. Let n = -13 - o. Calculate the greatest common factor of n and 1.
1
Let t = -25 + 37. What is the highest common factor of t and 3?
3
Let q be 2 + -4 - -2 - -1. Let h(p) = p**2 + 5. Let i(f) = 1. Let l(c) = q*h(c) - 2*i(c). Let v be l(3). What is the greatest common factor of 108 and v?
12
Let c(p) = p - 2 + 4*p - 5*p + 2*p. Let h be c(2). Let w(l) = l - 1. Let d be w(h). What is the highest common factor of d and 3?
1
Suppose -z = 3*z - 8. Let w = 4 + -1. Suppose -3*r = -w*x - 3, 0*r + 3 = -r + 5*x. What is the highest common factor of z and r?
2
Let w(b) = 4*b - 2*b + 0*b - 1. Let o be 2/3 - 7/(-3). Let c be w(o). Calculate the highest common factor of c and 15.
5
Let d be 3 - (2 - (6 + -2)). Suppose 0 = -d*i - c + 39, 4*c - 2*c = -2. What is the greatest common divisor of i and 72?
8
Let l(x) = x**3 - 4*x**2 + 2*x - 4. Let y be l(4). Let r = 31 - 27. Calculate the highest common divisor of r and y.
4
Let g be 10/8 - (-8)/(-32) - -119. What is the highest common factor of g and 24?
24
Suppose -7*c - 26 = -5*c. Let b = c - -24. What is the highest common divisor of b and 77?
11
Let t(q) = q**3 + 6*q**2 + 4*q + 2. Let p be t(-5). Let b(m) = m + 10. Let k be b(p). Suppose k = 5*r - 8. Calculate the greatest common divisor of r and 40.
5
Suppose -2*f + 6*f - 188 = 0. Suppose 4*t - 336 = -2*s, -s + 93 = -5*t - f. What is the highest common factor of 64 and s?
32
Let d = 8 + -5. Let f be 69 - (-9 + d)/(-2). Calculate the greatest common divisor of f and 22.
22
Let t be (6/12)/((-2)/(-8)). Let p be t/(-2)*(0 - 4). Suppose 2*u = p*g + 7*u - 30, 0 = -3*u + 6. What is the greatest common factor of 40 and g?
5
Let r = -23 - -3. Let n = r + 5. Let j be n/(-2) + 6/4. What is the greatest common divisor of j and 81?
9
Let u be (-1 - 2)/(3/(-4)). Suppose -h = -3*y - 6, -u*y + 49 = 4*h + h. Calculate the highest common divisor of h and 63.
9
Suppose 0 = -4*s - s + 10. Let n be s + -1 + (7 - 3). Calculate the highest common factor of 35 and n.
5
Suppose 0 = 5*g - 2*g - 168. Suppose x = m - 8 - 9, 3*m - 4*x = g. What is the greatest common divisor of m and 48?
12
Suppose 0 = i - 4, 3*q - 2*i - i - 9 = 0. What is the highest common divisor of q and 14?
7
Suppose 0 = -z - 43 - 75. Let g = 182 + z. Suppose -4 = -i + 4. What is the greatest common factor of i and g?
8
Suppose 5*q = 4*o + 16 + 11, -3*q = -4*o - 21. Let n be (-106)/(-3) - (-1)/o. Calculate the highest common divisor of n and 5.
5
Let k(f) = -6*f**3 - 2*f**2 + 2*f + 2. Let c be k(-3). Calculate the highest common factor of 28 and c.
28
Suppose -2*b = -5*b + 12. Let j be 18/b*(-14)/(-7). Calculate the greatest common divisor of j and 27.
9
Let w be 173/(-1 - -2) + (-116 - -115). What is the highest common divisor of w and 43?
43
Suppose 2*t + 15 = 7*t. Suppose -2*d + t*u = -18, -5*d = 5*u - 19 - 1. Let n be -2 - (-2 - (-2 + 38)). What is the greatest common divisor of d and n?
6
Let m(n) be the first derivative of -2*n**2 - n + 2. Let p be m(-1). Suppose p*r = -r + 120. What is the highest common factor of r and 6?
6
Let f = -12 - -43. Suppose 2*c - 2*a - f = -c, 0 = 5*c + 4*a - 59. What is the highest common factor of c and 11?
11
Let g be 40 - (-3 + -1)/(-1). Calculate the greatest common factor of 24 and g.
12
Let a(v) = -v**2 - 3*v + 2. Let d(y) = -y - 1. Let b be d(3). Let k be a(b). Let i be (-21 - 1)*k/4. What is the highest common divisor of i and 11?
11
Let l be (-6)/(34 + -4) + 302/10. Calculate the greatest common divisor of l and 6.
6
Let j be (108/(-15))/((-16)/40). Calculate the highest common factor of 18 and j.
18
Suppose -21*a + 28*a = 210. Calculate the highest common factor of 20 and a.
10
Let t(j) = 2*j**2 + 3*j - 1. Let b be t(-3). Calculate the highest common divisor of b and 88.
8
Let h(t) = t**2 - 8*t + 4. Let f be h(8). Let w be 5 + 2*(-2)/f. Suppose u - w*x - 24 = 0, 5*x + 82 = 3*u + 31. What is the greatest common factor of 36 and u?
12
Suppose -3*o + 84 = -12. What is the highest common divisor of o and 288?
32
Let g(o) = o**2 + 5*o + 21. Let p be g(-8). Let b be (48/20)/((-2)/(-25)). What is the greatest common factor of p and b?
15
Suppose -5*u = -10, -4*i + 38 = 5*u - 16. Let p = -180 + 224. What is the greatest common factor of p and i?
11
Suppose -3*n = -u + 48, 2*u = -2*n + 14 + 98. Calculate the highest common factor of 12 and u.
6
Let g(s) = s**3 + 7*s**2 + 5*s + 5. Let n be g(-4). Suppose 0 = -5*w + d + 10 + n, -29 = -4*w - d. Calculate the greatest common factor of w and 2.
2
Let a be 8 + -6 - 0/2. Suppose a*h - 9 = -c + h, c + 5*h - 9 = 0. Calculate the highest common divisor of 1 and c.
1
Let j = 3 - -13. Suppose 3*k = 15 + 21. Let c be (-20)/(-3 - (-33)/k). What is the greatest common divisor of c and j?
16
Let s(g) = -g**3 - 6*g**2 + 9*g - 28. Let i be s(-8). Let x(o) = -o**3 + 6*o**2 + 9*o - 7. Let q be x(7). Calculate the greatest common divisor of q and i.
7
Let x be (-24 + 0)/(27/(-18)). Suppose 4*u - 104 = -8. Calculate the greatest common factor of x and u.
8
Suppose -5 = 5*d - 0. Let x be -2 - (d - 29)/2. What is the highest common factor of 13 and x?
13
Let d(x) = 6*x - 1. Let k be d(1). Suppose k*y + 14 - 204 = 0. Let o = y + -22. Calculate the highest common factor of o and